(y) be the third derivative of -y**6/120 + y**4/6 + y**2. Suppose -4*r - 32 = -20. List the prime factors of w(r).
3, 5
Let g = 732 - -4994. What are the prime factors of g?
2, 7, 409
Let g(i) = 3*i**3 - 15*i**2 - 2*i - 5. Let a(p) = -7*p**3 + 31*p**2 + 4*p + 10. Let k(f) = 4*a(f) + 9*g(f). What are the prime factors of k(-11)?
17
Suppose 5*u = 5*b + 745, -u - 3*b = -23 - 130. Suppose -x + 4*s = 2*x - u, -s + 3 = 0. What are the prime factors of x?
2, 3
Let k be 24/6 - 6/2. Suppose 3 = 2*l - k. Suppose -n = -l*j + 9, j - 22 = 2*n + 2*n. What are the prime factors of j?
2
Suppose -2*a + 0*a + 2 = 0. Let q(y) = 34*y + 1. Let k be q(a). List the prime factors of (-214)/(-10) - 14/k.
3, 7
Let p(t) = 11*t**2 - 2*t - 6. Let x be p(-5). Let j = x + -161. What are the prime factors of j?
2, 59
Let k(b) = -b**3 - 14*b**2 - 16*b + 16. Let s be 13/(-6)*3*2. List the prime factors of k(s).
5, 11
Let n = 154 + 90. Suppose -5*b + 3*y = -576, -3*b - 4*y + 119 = -n. List the prime factors of b.
3, 13
Let r be -6*4/(-6) - 2. Suppose -3*w + r*w = -45. List the prime factors of w.
3, 5
Let g = 19 - -6. Suppose -g - 15 = -j. What are the prime factors of j?
2, 5
Let x(l) = -14*l. Let j(q) = 2*q**2 + 6*q + 5. Let f be j(-3). Suppose p - 4*c = -1, c = -5*p + 2*c - f. What are the prime factors of x(p)?
2, 7
Let q(p) = 17*p**2 - 22*p + 214. List the prime factors of q(7).
19, 47
Let w = -18 - -10. Let y(g) = -13*g. Let d be y(1). Let i = w - d. What are the prime factors of i?
5
Suppose -19 = -s - 16. Suppose 3*r - 5*c - 29 + 10 = 0, 4*r = c + 14. Let i = s + r. List the prime factors of i.
2, 3
Let s be ((-4)/(-8))/(1/2). List the prime factors of (-126)/35*(s + 23/(-3)).
2, 3
What are the prime factors of (-21547)/(-290) - (-3)/(-10)?
2, 37
Suppose 0 = -4*r - 4, 2*r - 4567 = -4*x - 3*r. What are the prime factors of x?
3, 127
Let q = -948 - -1282. What are the prime factors of q?
2, 167
Let v(h) be the first derivative of -h**3 - h**2 + 98*h + 16. What are the prime factors of v(0)?
2, 7
Let w = 7 - 8. Let l be (-4 - -4)/(0 + w). Suppose l = -3*a - 48 + 156. List the prime factors of a.
2, 3
Suppose -2*u - 7 = -189. What are the prime factors of u?
7, 13
What are the prime factors of (5 - 6)*(-3 - -8) + 350?
3, 5, 23
Let q(r) be the second derivative of 5*r**4/3 - r**3/3 - 16*r. What are the prime factors of q(1)?
2, 3
Let w be (-3)/(-3)*((-6)/3 + 2). Suppose 2*c + o = -w*o + 90, -5*c + o = -232. List the prime factors of c.
2, 23
Let g = -597 + 2394. What are the prime factors of g?
3, 599
Suppose -2*h = -641 - 501. List the prime factors of h.
571
Let w(h) = -h**3 - 12*h**2 - h + 22. Let u be w(-15). Suppose 14*s + u = 22*s. List the prime factors of s.
89
Let l(m) = m + 11. Let d be l(-9). Suppose -4*c + d = p + 4*p, -c - 4 = -p. Let h(q) = 7*q - 3. List the prime factors of h(p).
11
Suppose -4*k + 18*k - 1568 = 0. What are the prime factors of k?
2, 7
Let v be (0 - (-1)/(-4)) + (-642)/24. Suppose -3*g + c - 60 = 0, -2*g - c - 22 = 13. Let p = g - v. What are the prime factors of p?
2
Let l = -38 - -40. Suppose 0 = 4*k + l*b - 284, -4*k - b = -9*k + 348. What are the prime factors of k?
2, 5, 7
Let w = 344 + 751. Suppose -w = -2*l - 3*l. List the prime factors of l.
3, 73
Suppose 2*k = 36 - 2. Let z = k - -16. Let x = 61 - z. List the prime factors of x.
2, 7
Let k be (22 - 7)/(1/7). What are the prime factors of (k/10)/(6/56)?
2, 7
Let t = -47 - -41. Suppose -j + 6 + 4 = 0. Let v = t + j. List the prime factors of v.
2
List the prime factors of (-1)/(-10) + (-215622)/(-180).
2, 599
Suppose 6900 = 195*l - 189*l. List the prime factors of l.
2, 5, 23
Let f(b) = -546*b + 8. List the prime factors of f(-1).
2, 277
Suppose 0 = 3*l - 16 + 4. Suppose 5*n = n + 3*z + 76, -94 = -5*n + 4*z. List the prime factors of n - (3 - (3 - l)).
2, 3
Let h = 31 - 27. Suppose -4 + 19 = -5*q, 0 = 3*w - h*q - 81. What are the prime factors of w?
23
Suppose -t + l = -86, 4*t + 7*l = 3*l + 376. Suppose 9*j = 12*j - t. List the prime factors of j.
2, 3, 5
Suppose p - 10 = -2*y + y, y - 30 = -5*p. Suppose 0 = y*n - 2*n + 3*j - 117, 5*j - 109 = -3*n. What are the prime factors of n?
43
Let g = 8 - 13. What are the prime factors of 181/2 - g/(-10)?
2, 3, 5
Suppose 4*p - 3*b - 15 = 2*p, 5*p - 24 = 3*b. Suppose 5*o = -p*j - 12, -3*j - 16 = 2*o + j. Let d(q) = q**2 + q + 23. List the prime factors of d(o).
23
Suppose 4*s = 66*n - 62*n + 6372, 7969 = 5*s - n. List the prime factors of s.
2, 797
Suppose 902 - 2870 = -4*q + 4*w, 5*w = 2*q - 987. List the prime factors of q.
491
Suppose 5*n - 342 = 3*n. Suppose u + 125 = -0*h + 3*h, -4*h = 3*u - n. List the prime factors of h.
2, 3, 7
Let p = -4 + 5. Let o be (-1)/(p/(-2) - 0). Suppose 120 = 2*n - o*q + 32, 0 = -3*n - q + 116. What are the prime factors of n?
2, 5
Let o = 3943 - 2205. List the prime factors of o.
2, 11, 79
Suppose 0 = 4*o - 2*o - b - 12, -5*o - 4*b = -17. Let f(w) = w + 0 - o + 13. What are the prime factors of f(13)?
3, 7
What are the prime factors of 69042/90 + (-2)/15?
13, 59
Let u be 182 + 1/((5 - 2)/(-6)). Let h = u - 111. List the prime factors of h.
3, 23
Let l(b) be the third derivative of b**6/120 - b**5/30 - b**4/6 + 7*b**3/6 + 20*b**2. List the prime factors of l(6).
127
Let j(s) = 11*s**2 - 45*s - 19. What are the prime factors of j(9)?
467
Suppose 0*t = -t + 3*o + 16, -3*t + o + 16 = 0. Suppose 59 = k + t*m, 4*m + 295 = 5*k - 0*m. List the prime factors of k.
59
Let v = 1257 - 61. What are the prime factors of v?
2, 13, 23
Let w = -88 - -91. What are the prime factors of (-9)/(81/(-336))*w?
2, 7
Let z(f) = -f**3 - 6*f**2 + 2*f - 7. Let d be z(-6). Suppose -2*y - l = -0*l + 25, 2*l = 4*y + 38. Let i = y - d. List the prime factors of i.
2
Suppose 0 = 5*l + 6 + 239. Let q be -4 - (l - 3/(-1)). List the prime factors of 2/(-7) + 1314/q.
31
Suppose -80 = -39*l + 34*l. Suppose -n = -m - 193, 4*m + l = -0*m. What are the prime factors of n?
3, 7
Let i(b) = b - 11. Let x be i(5). Let w = -51 + 74. Let r = w - x. List the prime factors of r.
29
Let q be (-4)/(-5)*60/8. Suppose q*l - 14*l + 1072 = 0. What are the prime factors of l?
2, 67
Let k = 1725 + -1167. Let i = k - 259. List the prime factors of i.
13, 23
Suppose 40*y - 36*y - 1428 = 0. What are the prime factors of y?
3, 7, 17
Suppose 5*d = 2*c - 130, 2*c - 3*d + 54 = 180. Suppose 2*b + 85 = 7*b. Let u = c - b. What are the prime factors of u?
43
Suppose 0 = 14*t + 9*t - 3611. Let r = -19 - 63. Let o = r + t. List the prime factors of o.
3, 5
Let u = 2 - 3. Let i = 5 + -1. Let q = i + u. What are the prime factors of q?
3
Let r(l) = -3*l**3 - 6*l**2 + 7*l + 26. What are the prime factors of r(-9)?
2, 13
Let s(x) = -14 + 4 - 25*x + 20*x. What are the prime factors of s(-7)?
5
Let d(o) = -2*o + 4. Let k be d(2). Suppose -5*l - 2*l + 504 = k. Let x = 141 - l. List the prime factors of x.
3, 23
Let q = -23 + 23. Let g(y) = -y**2 + 3*y - 90. Let b be g(q). Let i = -60 - b. List the prime factors of i.
2, 3, 5
Let l(n) = 15*n**2 + 17*n + 29. List the prime factors of l(-6).
467
Suppose 14*c = 15*c + 22. Let w = 28 + c. Suppose -9*o = -w*o - 231. What are the prime factors of o?
7, 11
Let k = 57 - 97. Let j = 71 + k. List the prime factors of j.
31
Let q be 6/(-6)*(2 + 0 + 25). List the prime factors of (-75)/q - 3 - (-4870)/45.
2, 3
Suppose y - 4 = -3*l + 4, -4*l - 6 = -2*y. Suppose y*x + 1020 = 4*f, 1296 = 4*f - 2*x + 276. List the prime factors of f.
3, 5, 17
Suppose -20 = 6*l - 10*l. Suppose 37 = 2*z - l*c, -2*z + 22 = 2*c - 4*c. Suppose -9 = -b + z. What are the prime factors of b?
3, 5
Let j(p) = 2*p**2 + 7*p + 4. Suppose 4*u + 66 = -1214. Let g be (-3)/7 - u/(-70). What are the prime factors of j(g)?
19
Let h be ((-6)/(-2))/((-9)/12). List the prime factors of (-7)/((-7)/h) + 40.
2, 3
Let m be ((-2)/3)/(6/(-423)). Let s = m - 41. What are the prime factors of s?
2, 3
Let g = -4 + -2. Let n = 10 + g. List the prime factors of n.
2
Suppose 30 = -5*l - 0*l. Let i be (-7 + 8)/((-2)/l). List the prime factors of (-2 + 8 + i)/1.
3
Suppose -2*s + 3*s - 134 = -4*x, 4 = -2*x. Let o be 1/9*3*9. Suppose 0 = -o*g + i + s, -3*i = 5*g - 2*i - 250. What are the prime factors of g?
7
Let g = 42 - 50. Let b = g + 43. List the prime factors of b.
5, 7
Let q(l) = -2*l**3 + 30*l**2 